{"id":588,"date":"2020-01-28T12:43:24","date_gmt":"2020-01-28T15:43:24","guid":{"rendered":"http:\/\/seune.edu.br\/portalseune\/?page_id=588"},"modified":"2020-02-20T09:01:56","modified_gmt":"2020-02-20T12:01:56","slug":"periodicos-direito","status":"publish","type":"page","link":"https:\/\/seune.edu.br\/portalseune\/biblioteca\/periodicos-direito\/","title":{"rendered":"Periodicos Direito"},"content":{"rendered":"\t\t<div data-elementor-type=\"wp-page\" data-elementor-id=\"588\" class=\"elementor elementor-588\">\n\t\t\t\t\t\t<section class=\"elementor-section elementor-top-section elementor-element elementor-element-cbf4be5 elementor-section-boxed elementor-section-height-default elementor-section-height-default exad-glass-effect-no wpr-particle-no wpr-jarallax-no wpr-parallax-no wpr-sticky-section-no exad-sticky-section-no\" data-id=\"cbf4be5\" data-element_type=\"section\" data-e-type=\"section\">\n\t\t\t\t\t\t<div class=\"elementor-container elementor-column-gap-default\">\n\t\t\t\t\t<div class=\"elementor-column elementor-col-100 elementor-top-column elementor-element elementor-element-c285bd4 exad-glass-effect-no exad-sticky-section-no\" data-id=\"c285bd4\" data-element_type=\"column\" data-e-type=\"column\">\n\t\t\t<div class=\"elementor-widget-wrap elementor-element-populated\">\n\t\t\t\t\t\t<div class=\"elementor-element elementor-element-9bf8db2 elementor-hidden-phone exad-sticky-section-no exad-glass-effect-no elementor-widget elementor-widget-image\" data-id=\"9bf8db2\" data-element_type=\"widget\" data-e-type=\"widget\" data-widget_type=\"image.default\">\n\t\t\t\t<div class=\"elementor-widget-container\">\n\t\t\t\t\t\t\t\t\t\t\t\t\t\t\t<img fetchpriority=\"high\" decoding=\"async\" width=\"1140\" height=\"200\" src=\"https:\/\/seune.edu.br\/portalseune\/wp-content\/uploads\/2020\/01\/OtbibliotecaFontpad-1140-200JPG.jpg\" class=\"attachment-full size-full wp-image-731\" alt=\"\" srcset=\"https:\/\/seune.edu.br\/portalseune\/wp-content\/uploads\/2020\/01\/OtbibliotecaFontpad-1140-200JPG.jpg 1140w, https:\/\/seune.edu.br\/portalseune\/wp-content\/uploads\/2020\/01\/OtbibliotecaFontpad-1140-200JPG-300x53.jpg 300w, https:\/\/seune.edu.br\/portalseune\/wp-content\/uploads\/2020\/01\/OtbibliotecaFontpad-1140-200JPG-1024x180.jpg 1024w, https:\/\/seune.edu.br\/portalseune\/wp-content\/uploads\/2020\/01\/OtbibliotecaFontpad-1140-200JPG-768x135.jpg 768w\" sizes=\"(max-width: 1140px) 100vw, 1140px\" \/>\t\t\t\t\t\t\t\t\t\t\t\t\t\t\t<\/div>\n\t\t\t\t<\/div>\n\t\t\t\t<div class=\"elementor-element elementor-element-fd5cdf4 elementor-hidden-desktop elementor-hidden-tablet exad-sticky-section-no exad-glass-effect-no elementor-widget elementor-widget-image\" data-id=\"fd5cdf4\" data-element_type=\"widget\" data-e-type=\"widget\" data-widget_type=\"image.default\">\n\t\t\t\t<div class=\"elementor-widget-container\">\n\t\t\t\t\t\t\t\t\t\t\t\t\t\t\t<img decoding=\"async\" width=\"400\" height=\"163\" src=\"https:\/\/seune.edu.br\/portalseune\/wp-content\/uploads\/2020\/01\/otpageBibliotecafontpadrao-400JPG.jpg\" class=\"attachment-large size-large wp-image-732\" alt=\"\" srcset=\"https:\/\/seune.edu.br\/portalseune\/wp-content\/uploads\/2020\/01\/otpageBibliotecafontpadrao-400JPG.jpg 400w, https:\/\/seune.edu.br\/portalseune\/wp-content\/uploads\/2020\/01\/otpageBibliotecafontpadrao-400JPG-300x122.jpg 300w\" sizes=\"(max-width: 400px) 100vw, 400px\" \/>\t\t\t\t\t\t\t\t\t\t\t\t\t\t\t<\/div>\n\t\t\t\t<\/div>\n\t\t\t\t\t<\/div>\n\t\t<\/div>\n\t\t\t\t\t<\/div>\n\t\t<\/section>\n\t\t\t\t<section class=\"elementor-section elementor-top-section elementor-element elementor-element-03d005b elementor-section-boxed elementor-section-height-default elementor-section-height-default exad-glass-effect-no wpr-particle-no wpr-jarallax-no wpr-parallax-no wpr-sticky-section-no exad-sticky-section-no\" data-id=\"03d005b\" data-element_type=\"section\" data-e-type=\"section\">\n\t\t\t\t\t\t<div class=\"elementor-container elementor-column-gap-default\">\n\t\t\t\t\t<div class=\"elementor-column elementor-col-100 elementor-top-column elementor-element elementor-element-b2c00e3 exad-glass-effect-no exad-sticky-section-no\" data-id=\"b2c00e3\" data-element_type=\"column\" data-e-type=\"column\">\n\t\t\t<div class=\"elementor-widget-wrap elementor-element-populated\">\n\t\t\t\t\t\t<div class=\"elementor-element elementor-element-70a7658 exad-sticky-section-no exad-glass-effect-no elementor-widget elementor-widget-heading\" data-id=\"70a7658\" data-element_type=\"widget\" data-e-type=\"widget\" data-widget_type=\"heading.default\">\n\t\t\t\t<div class=\"elementor-widget-container\">\n\t\t\t\t\t<h2 class=\"elementor-heading-title elementor-size-default\">Peri\u00f3dicos de Direito<\/h2>\t\t\t\t<\/div>\n\t\t\t\t<\/div>\n\t\t\t\t\t<\/div>\n\t\t<\/div>\n\t\t\t\t\t<\/div>\n\t\t<\/section>\n\t\t\t\t<section class=\"elementor-section elementor-top-section elementor-element elementor-element-a85896f elementor-section-boxed elementor-section-height-default elementor-section-height-default exad-glass-effect-no wpr-particle-no wpr-jarallax-no wpr-parallax-no wpr-sticky-section-no exad-sticky-section-no\" data-id=\"a85896f\" data-element_type=\"section\" data-e-type=\"section\">\n\t\t\t\t\t\t<div class=\"elementor-container elementor-column-gap-default\">\n\t\t\t\t\t<div class=\"elementor-column elementor-col-100 elementor-top-column elementor-element elementor-element-ee8f3a6 exad-glass-effect-no exad-sticky-section-no\" data-id=\"ee8f3a6\" data-element_type=\"column\" data-e-type=\"column\">\n\t\t\t<div class=\"elementor-widget-wrap elementor-element-populated\">\n\t\t\t\t\t\t<div class=\"elementor-element elementor-element-a4169a9 exad-sticky-section-no exad-glass-effect-no elementor-widget elementor-widget-html\" data-id=\"a4169a9\" data-element_type=\"widget\" data-e-type=\"widget\" data-widget_type=\"html.default\">\n\t\t\t\t<div class=\"elementor-widget-container\">\n\t\t\t\t\t<style>\n    .textoperiodicos a {\n        \n        font-size: 15px !important;\n    \n    }\n    \n    \n    \n<\/style>\n\t\t\t\t<\/div>\n\t\t\t\t<\/div>\n\t\t\t\t<div class=\"elementor-element elementor-element-3e210d3 textoperiodicos exad-sticky-section-no exad-glass-effect-no elementor-widget elementor-widget-text-editor\" data-id=\"3e210d3\" data-element_type=\"widget\" data-e-type=\"widget\" data-widget_type=\"text-editor.default\">\n\t\t\t\t<div class=\"elementor-widget-container\">\n\t\t\t\t\t\t\t\t\t<p>[REVISTA ELETR\u00d4NICA] Revista Direito Fundamentais &amp; Democracia<br \/><a style=\"font-size: 16px;\" href=\"https:\/\/revistaeletronicardfd.unibrasil.com.br\/index.php\/rdfd\" target=\"_blank\" rel=\"noopener\">https:\/\/revistaeletronicardfd.unibrasil.com.br\/index.php\/rdfd<\/a><\/p><p>[REVISTA ELETR\u00d4NICA] Direito, Estado e Sociedade<br \/><a style=\"font-size: 16px;\" href=\"http:\/\/direitoestadosociedade.jur.puc-rio.br\/cgi\/cgilua.exe\/sys\/start.htm?tpl=home\" target=\"_blank\" rel=\"noopener\">http:\/\/direitoestadosociedade.jur.puc-rio.br\/cgi\/cgilua.exe\/sys\/start.htm?tpl=home<\/a><\/p><p>[REVISTA ELETR\u00d4NICA] Dom Helder Revista de Direito<br \/><a style=\"font-size: 16px;\" href=\"http:\/\/www.domhelder.edu.br\/revista\/index.php\/dhrevistadedireito\/issue\/archive\" target=\"_blank\" rel=\"noopener\">http:\/\/www.domhelder.edu.br\/revista\/index.php\/dhrevistadedireito\/issue\/archive<\/a><\/p><p>[REVISTA ELETR\u00d4NICA) Estudios Internacionales<br \/><a style=\"font-size: 16px;\" href=\"https:\/\/revistaei.uchile.cl\/index.php\/REI\/issue\/archive\" target=\"_blank\" rel=\"noopener\">https:\/\/revistaei.uchile.cl\/index.php\/REI\/issue\/archive<\/a><\/p><p>[REVISTA ELETR\u00d4NICA] Revista Internacional Interdisciplinar INTERTHESIS-PPGICH<br \/><a style=\"font-size: 16px;\" href=\"https:\/\/periodicos.ufsc.br\/index.php\/interthesis\/issue\/archive\" target=\"_blank\" rel=\"noopener\">https:\/\/periodicos.ufsc.br\/index.php\/interthesis\/issue\/archive<\/a><\/p><p>[REVSTA ELETR\u00d4NICA] Revista Direito das Rela\u00e7\u00f5es Sociais e Trabalhistas<br \/><a style=\"font-size: 16px;\" href=\"https:\/\/2019.vlex.com\/#\/sources\/revista-direito-rela-es-sociais-trabalhistas-30949\" target=\"_blank\" rel=\"noopener\">https:\/\/2019.vlex.com\/#\/sources\/revista-direito-rela-es-sociais-trabalhistas-30949<\/a><\/p><p>[REVISTA ELETR\u00d4NICA] Revista Direito e Justi\u00e7a<br \/><a style=\"font-size: 15px;\" href=\"http:\/\/srvapp2s.santoangelo.uri.br\/seer\/index.php\/direito_e_justica\/issue\/archive\" target=\"_blank\" rel=\"noopener\">http:\/\/srvapp2s.santoangelo.uri.br\/seer\/index.php\/direito_e_justica\/issue\/archive<\/a><\/p><p>[REVISTA ELETR\u00d4NICA] Revista Eletr\u00f4nica de Direito Processual<br \/><a style=\"font-size: 15px;\" href=\"https:\/\/www.e-publicacoes.uerj.br\/index.php\/redp\/issue\/view\/2257\" target=\"_blank\" rel=\"noopener\">https:\/\/www.e-publicacoes.uerj.br\/index.php\/redp\/issue\/view\/2257<\/a><\/p><p>[REVISTA ELETR\u00d4NICA] G\u00eanero de Direito<br \/><a style=\"font-size: 15px;\" href=\"https:\/\/periodicos.ufpb.br\/index.php\/ged\/issue\/view\/2450\" target=\"_blank\" rel=\"noopener\">https:\/\/periodicos.ufpb.br\/index.php\/ged\/issue\/view\/2450<\/a><\/p><p>[REVISTA ELETR\u00d4NICA] Veredas do Direito. Direito Ambiental e Desenvolvimento Sutent\u00e1vel<br \/><a style=\"font-size: 16px;\" href=\"http:\/\/www.domhelder.edu.br\/revista\/index.php\/veredas\/issue\/archive\" target=\"_blank\" rel=\"noopener\">http:\/\/www.domhelder.edu.br\/revista\/index.php\/veredas\/issue\/archive<\/a><\/p><p><a style=\"font-size: 16px;\" href=\"https:\/\/2019.vlex.com\/#sources\/2375\/issues\/486121\" target=\"_blank\" rel=\"noopener\">https:\/\/2019.vlex.com\/#sources\/2375\/issues\/486121<\/a><\/p><p>Revista Brasileira de Pol\u00edtica Internacional<br \/><a style=\"font-size: 16px;\" href=\"http:\/\/www.scielo.br\/scielo.php?script=sci_issues&amp;pid=0034-7329&amp;lng=pt&amp;nrm=isso\" target=\"_blank\" rel=\"noopener\">http:\/\/www.scielo.br\/scielo.php?script=sci_issues&amp;pid=0034-7329&amp;lng=pt&amp;nrm=isso<\/a><\/p><p>[REVISTA ELETR\u00d4NICA] Revista de Direito UFPR<br \/><a style=\"font-size: 16px;\" href=\"http:\/\/ojs.c3sl.ufpr.br\/ojs2\/index.php\/direito\/issue\/archive\" target=\"_blank\" rel=\"noopener\">http:\/\/ojs.c3sl.ufpr.br\/ojs2\/index.php\/direito\/issue\/archive<\/a><\/p><p>[REVISTA ELETR\u00d4NICA] Revista de Direito, Estado e Telecomunica\u00e7\u00f5es<br \/><a style=\"font-size: 16px;\" href=\"http:\/\/www.getel.org\/GETELSEER\/index.php?journal=rdet&amp;page=issue&amp;op=archive\" target=\"_blank\" rel=\"noopener\">http:\/\/www.getel.org\/GETELSEER\/index.php?journal=rdet&amp;page=issue&amp;op=archive<\/a><\/p><p>[REVISTA ELETR\u00d4NICA] Novos Estudos Jur\u00eddicos<br \/><a style=\"font-size: 16px;\" href=\"https:\/\/siaiap32.univali.br\/seer\/index.php\/nej\/issue\/archive\" target=\"_blank\" rel=\"noopener\">https:\/\/siaiap32.univali.br\/\/seer\/index.php\/nej\/issue\/archive<\/a><\/p><p>[REVISTA ELETR\u00d4NICA] Revista Direito em Debate<br \/><a style=\"font-size: 16px;\" href=\"https:\/\/www.revistas.unijui.edu.br\/index.php\/revistadireitoemdebate\/issue\/archive\" target=\"_blank\" rel=\"noopener\">https:\/\/www.revistas.unijui.edu.br\/index.php\/revistadireitoemdebate\/issue\/archive<\/a><\/p><p>[REVISTA ELETR\u00d4NICA] Revista do Direito P\u00fablico<br \/><a style=\"font-size: 16px;\" href=\"http:\/\/www.uel.br\/revistas\/uel\/index.php\/direitopub\/issue\/archive\" target=\"_blank\" rel=\"noopener\">http:\/\/www.uel.br\/revistas\/uel\/index.php\/direitopub\/issue\/archive<\/a><\/p><p>[REVISTA ELETR\u00d4NICA] Revista do Direito<br \/><a style=\"font-size: 16px;\" href=\"http:\/\/online.unisc.br\/seer\/index.php\/direito\/issue\/archive\" target=\"_blank\" rel=\"noopener\">http:\/\/online.unisc.br\/seer\/index.php\/direito\/issue\/archive<\/a><\/p>\t\t\t\t\t\t\t\t<\/div>\n\t\t\t\t<\/div>\n\t\t\t\t\t<\/div>\n\t\t<\/div>\n\t\t\t\t\t<\/div>\n\t\t<\/section>\n\t\t\t\t<section class=\"elementor-section elementor-top-section elementor-element elementor-element-292bfe0 elementor-section-boxed elementor-section-height-default elementor-section-height-default exad-glass-effect-no wpr-particle-no wpr-jarallax-no wpr-parallax-no wpr-sticky-section-no exad-sticky-section-no\" data-id=\"292bfe0\" data-element_type=\"section\" data-e-type=\"section\">\n\t\t\t\t\t\t<div class=\"elementor-container elementor-column-gap-default\">\n\t\t\t\t\t<div class=\"elementor-column elementor-col-100 elementor-top-column elementor-element elementor-element-a041149 exad-glass-effect-no exad-sticky-section-no\" data-id=\"a041149\" data-element_type=\"column\" data-e-type=\"column\">\n\t\t\t<div class=\"elementor-widget-wrap elementor-element-populated\">\n\t\t\t\t\t\t<div class=\"elementor-element elementor-element-552d01b elementor-align-center exad-sticky-section-no exad-glass-effect-no elementor-widget elementor-widget-button\" data-id=\"552d01b\" data-element_type=\"widget\" data-e-type=\"widget\" data-widget_type=\"button.default\">\n\t\t\t\t<div class=\"elementor-widget-container\">\n\t\t\t\t\t\t\t\t\t<div class=\"elementor-button-wrapper\">\n\t\t\t\t\t<a class=\"elementor-button elementor-button-link elementor-size-sm\" href=\"http:\/\/seune.edu.br\/portalseune\/biblioteca\/\">\n\t\t\t\t\t\t<span class=\"elementor-button-content-wrapper\">\n\t\t\t\t\t\t\t\t\t<span class=\"elementor-button-text\">Voltar<\/span>\n\t\t\t\t\t<\/span>\n\t\t\t\t\t<\/a>\n\t\t\t\t<\/div>\n\t\t\t\t\t\t\t\t<\/div>\n\t\t\t\t<\/div>\n\t\t\t\t\t<\/div>\n\t\t<\/div>\n\t\t\t\t\t<\/div>\n\t\t<\/section>\n\t\t\t\t<\/div>\n\t\t","protected":false},"excerpt":{"rendered":"<p>Peri\u00f3dicos de Direito [REVISTA ELETR\u00d4NICA] Revista Direito Fundamentais &amp; Democraciahttps:\/\/revistaeletronicardfd.unibrasil.com.br\/index.php\/rdfd [REVISTA ELETR\u00d4NICA] Direito, Estado e Sociedadehttp:\/\/direitoestadosociedade.jur.puc-rio.br\/cgi\/cgilua.exe\/sys\/start.htm?tpl=home [REVISTA ELETR\u00d4NICA] Dom Helder Revista de Direitohttp:\/\/www.domhelder.edu.br\/revista\/index.php\/dhrevistadedireito\/issue\/archive [REVISTA ELETR\u00d4NICA) Estudios Internacionaleshttps:\/\/revistaei.uchile.cl\/index.php\/REI\/issue\/archive [REVISTA ELETR\u00d4NICA] Revista Internacional Interdisciplinar INTERTHESIS-PPGICHhttps:\/\/periodicos.ufsc.br\/index.php\/interthesis\/issue\/archive [REVSTA ELETR\u00d4NICA] Revista Direito das Rela\u00e7\u00f5es Sociais e Trabalhistashttps:\/\/2019.vlex.com\/#\/sources\/revista-direito-rela-es-sociais-trabalhistas-30949 [REVISTA ELETR\u00d4NICA] Revista Direito e Justi\u00e7ahttp:\/\/srvapp2s.santoangelo.uri.br\/seer\/index.php\/direito_e_justica\/issue\/archive [REVISTA ELETR\u00d4NICA] Revista Eletr\u00f4nica de Direito Processualhttps:\/\/www.e-publicacoes.uerj.br\/index.php\/redp\/issue\/view\/2257 <a class=\"more-link\" href=\"https:\/\/seune.edu.br\/portalseune\/biblioteca\/periodicos-direito\/\">&hellip; Continue lendo&hellip; &rarr;<\/a><\/p>\n","protected":false},"author":1,"featured_media":0,"parent":510,"menu_order":0,"comment_status":"closed","ping_status":"closed","template":"elementor_header_footer","meta":{"_acf_changed":false,"footnotes":""},"class_list":["post-588","page","type-page","status-publish","hentry"],"acf":[],"jetpack_sharing_enabled":true,"_links":{"self":[{"href":"https:\/\/seune.edu.br\/portalseune\/wp-json\/wp\/v2\/pages\/588","targetHints":{"allow":["GET"]}}],"collection":[{"href":"https:\/\/seune.edu.br\/portalseune\/wp-json\/wp\/v2\/pages"}],"about":[{"href":"https:\/\/seune.edu.br\/portalseune\/wp-json\/wp\/v2\/types\/page"}],"author":[{"embeddable":true,"href":"https:\/\/seune.edu.br\/portalseune\/wp-json\/wp\/v2\/users\/1"}],"replies":[{"embeddable":true,"href":"https:\/\/seune.edu.br\/portalseune\/wp-json\/wp\/v2\/comments?post=588"}],"version-history":[{"count":8,"href":"https:\/\/seune.edu.br\/portalseune\/wp-json\/wp\/v2\/pages\/588\/revisions"}],"predecessor-version":[{"id":1479,"href":"https:\/\/seune.edu.br\/portalseune\/wp-json\/wp\/v2\/pages\/588\/revisions\/1479"}],"up":[{"embeddable":true,"href":"https:\/\/seune.edu.br\/portalseune\/wp-json\/wp\/v2\/pages\/510"}],"wp:attachment":[{"href":"https:\/\/seune.edu.br\/portalseune\/wp-json\/wp\/v2\/media?parent=588"}],"curies":[{"name":"wp","href":"https:\/\/api.w.org\/{rel}","templated":true}]}}